mposite number?
False
Suppose -3*k - 15 = 0, -k - 213 = -2*u - 14. Let w = 479 - u. Is w composite?
True
Is (-30)/(-375) - 98919/(-75) composite?
False
Let g = 2685 + 88. Is g a composite number?
True
Let f(j) = -3*j**3 - 12*j**2 - 7*j - 8. Suppose -5*x = 3*z + 19, 3*z + 3*x + 0 = -21. Let v be f(z). Suppose -2*w = -4*i + v, i + w - 201 = -0*w. Is i prime?
False
Let p(m) = 3701*m**3 - 4*m**2 + 3*m + 1. Is p(2) composite?
False
Suppose -11*r + 9602 = -2971. Let s = r + -496. Is s a composite number?
False
Let x = -31 - -36. Suppose 4*t - 9013 = -6*p + p, 3*p = x*t + 5393. Is p a prime number?
True
Let r = -9 - -12. Suppose -4*x + 21 = -5*t - 16, 2*x = -r*t - 9. Suppose -x*o = -7*o + 652. Is o a prime number?
True
Suppose -10729 = 5*c + 3*a - 29612, c + 3*a = 3767. Is c composite?
False
Let t(x) = -4*x - 20. Let g(l) = l + 5. Let d(o) = 9*g(o) + 2*t(o). Let f be d(-3). Is (f/(-3))/(2/(-1455)) prime?
False
Let h(o) = o + 5. Let s be h(-7). Is s/(-4) - (-7111)/26 composite?
True
Suppose -3*w + 2*z = 4*z - 3527, -4*z - 1185 = -w. Is w composite?
True
Let j = -6 + 12. Let r = j + -3. Is 83 + 0/r + 0 a prime number?
True
Suppose 0 = 5*o - 9*o - 2956. Let q = 1890 + o. Is q a composite number?
False
Suppose -4*v - 3*f + 19294 = 0, -2*v = -6*v + 3*f + 19306. Suppose 17*u + v = 22*u. Is u prime?
False
Let t(d) = -16074*d - 17. Is t(-1) a composite number?
False
Let v = 386 - 207. Suppose 2*w = -j + v, 3*j - w = 691 - 154. Is j a composite number?
False
Let h(r) be the second derivative of r**4/3 - 10*r**3/3 + 13*r**2/2 - 42*r. Is h(5) prime?
True
Suppose 32 - 893 = -5*z - 2*o, z = -o + 174. Let n = z + -266. Let u = n - -204. Is u prime?
True
Let i be (11 - 10) + 1 + -4. Let p be 2 - -432 - i/2. Suppose -4 = 4*r, -l - 3*r = -r - p. Is l a composite number?
True
Let u = -2198 - -4777. Is u a prime number?
True
Is 18 + -18 - 9761/(-1) a composite number?
True
Let r be 106 + (-3 - -2) - 1. Let g = 5 + -3. Suppose -g*f = -n + r, 5*n + 6*f - 455 = 3*f. Is n a composite number?
True
Let j(s) be the second derivative of s**5/5 - 5*s**4/12 + 2*s**3/3 - 7*s**2/2 + 2*s. Is j(6) prime?
True
Let v(z) = 147*z**3 + 9*z**2 + 6*z - 7. Is v(4) a composite number?
True
Suppose 3*t + 6 = 3. Let b(x) be the third derivative of -551*x**4/24 - x**2. Is b(t) prime?
False
Let l(c) be the second derivative of c**4/12 - c**3/6 - c**2 - 12*c. Let g be l(-1). Suppose 4*o - 356 = -4*q, g = -3*q - 1 + 13. Is o composite?
True
Let v(n) = -25*n + 49. Let t(l) = -8 - 2*l + 7 - 10*l + 26. Let q(h) = -5*t(h) + 3*v(h). Is q(-7) a composite number?
False
Let o(z) = 5862*z**2 - 13*z + 9. Is o(2) prime?
True
Let w(a) = 59*a**2 + 3*a + 2. Let l be w(-1). Let b = l + -15. Is b prime?
True
Let q be 746 + 2 - ((-9)/(-3))/(-3). Let g = q + -430. Is g a composite number?
True
Let v be ((-10)/(-7))/(3/21). Let d(u) = -u + 14. Let t be d(v). Suppose 3*j = -2*g + 125, 5*j - t*j + 229 = 4*g. Is g a composite number?
True
Suppose 0 = -5*v + 4*z + 153, -5*v - 4*z + 150 = -9*z. Suppose -57 = -4*m + j, -3*m + v = -0*m - 4*j. Let k = -8 + m. Is k composite?
False
Is (-1 + -1)*(-1 + 14729/(-26)) composite?
True
Let l = -2675 + 57778. Is l a composite number?
False
Let g = -4127 - -2592. Let l = g + 2414. Is l a composite number?
True
Suppose -3*n = -15 + 3. Suppose -n*q - 2667 = -11*q. Is q composite?
True
Suppose 28 = 44*o - 40*o. Is (5511 - 2)*7/o a composite number?
True
Suppose -3*d + 3000 = -2*d. Suppose 5*i + 986 = n, -i - d = -n - 2*n. Suppose -3*g + n = 4*g. Is g prime?
False
Let u = 1359 + -565. Is u a prime number?
False
Suppose -2*t + 2382 = -2*c, t + 4*t - 2*c = 5958. Let b = t + -41. Is b a prime number?
True
Let m(q) = 2*q**3 + 70*q**2 + 77*q + 32. Is m(-33) prime?
True
Let t(q) be the first derivative of q**2 - 4 + 2/3*q**3 + 7*q. Is t(7) composite?
True
Let t = 865 - -694. Is t composite?
False
Suppose -5 = -u, 2*u = -6*c + 2*c - 6106. Let b = c - -2230. Is b prime?
True
Let z(u) = 60 - 6*u + 50 + 15*u**2 - 99. Is z(6) a composite number?
True
Let b = -23 - -29. Suppose 10*g - b*g = 3156. Is g composite?
True
Suppose 2*y - 5*b - 56187 = 0, 3*y - 13*b - 84269 = -17*b. Is y a composite number?
True
Suppose -3*o = 2*o - 240. Let b = o - -19. Is b a prime number?
True
Suppose -36024 = -3*b + 7*z - 4*z, -4*z - 4 = 0. Is b a composite number?
False
Let m(g) = 2*g - 17. Let r be m(9). Suppose -r + 5 = -x + 2*c, -2*c = 2*x - 16. Suppose z = -x*z + 475. Is z a prime number?
False
Suppose 5*r = 3*w - 11, -4*r + 6 = 5*w - 0. Is 955 + (0/w)/3 a prime number?
False
Suppose -1974 = -4*p + 3*f, 4*f + 0*f + 8 = 0. Suppose y + 2*r - p = 5*r, -2*y - 3*r = -993. Suppose -1063 = -4*h + j, 3*h - 312 = 4*j + y. Is h a prime number?
False
Let u = -8 + 12. Let l be u/26 - 12190/(-26). Suppose h + 0*h - l = 0. Is h a prime number?
False
Suppose 3*u - 5*c - 4 = 21, -5 = -3*u - 5*c. Let y(g) = -3*g**3 - 4*g**2 + 3*g + 10. Let b be y(-6). Suppose -j - 4*j = -u*n - 650, -4*j + b = 4*n. Is j prime?
True
Is 6999/6*(-4)/6*-3 a prime number?
True
Let x = -21 - -31. Let b be (4/5)/(4/x). Suppose -j + 4*j - 187 = -b*v, 5*v - j - 476 = 0. Is v composite?
True
Suppose l = t - 74 - 0, 2*l - 140 = -2*t. Suppose t*a - 70*a = 9190. Is a a prime number?
False
Let o(g) = g + 8. Let z be o(-6). Let j be (-1 + 5/2)*z. Is (-64)/(-4) - (-9)/j a composite number?
False
Let l(h) = 3*h**3 - 2*h**2 + 3*h - 1. Let w be l(4). Suppose w = 2*s - 3. Is s composite?
True
Let w = 58 + -43. Let i be ((-15)/12)/((-3)/(-12)). Is (-134)/3*w/i composite?
True
Let a = 1444 - 848. Suppose -x = -5*x + a. Is x a prime number?
True
Is (-18)/(-9)*4738/4 a composite number?
True
Let c(u) = 0*u**2 - 9*u**3 + 0*u**2 - 2*u**2 - 6. Suppose -4*d - w = 19, w + 0*w + 24 = -5*d. Is c(d) a composite number?
False
Let j = -23 + 463. Suppose 5*d - j = d. Let s = -55 + d. Is s prime?
False
Let g(k) = -21*k**3 - 4*k**2 + 5*k - 2. Let j be g(-5). Suppose -b - 3767 = -3*m - 3*b, -2*m - 4*b + j = 0. Is m prime?
True
Let z = 3820 + 2111. Suppose -10*o = -19*o + z. Is o a prime number?
True
Let x be (8 + -3)*(-4)/10. Let a be (2*(-4)/2)/x. Suppose -5*h + 180 = -a*o + 577, 0 = -3*o - 5*h + 558. Is o composite?
False
Let s(c) = 493*c - 319. Is s(12) composite?
True
Let i(l) = 64*l**2 - 3*l + 1. Let n(a) = -2*a + 34. Let s be n(16). Is i(s) a prime number?
True
Is -19 + 12 + 9360/4 a prime number?
True
Let x(r) be the second derivative of r**3/6 + 4*r**2 - 4*r. Let v be x(-6). Suppose -4*w - 3*h - 131 = -1144, v*w + 2*h = 508. Is w composite?
False
Let h(i) = -i**3 + 3*i**2 + 4*i - 8. Let c be h(4). Let g(x) = -x**2 - x - 1. Let q(b) = b**3 + 2*b**2 - 11*b + 7. Let w(t) = 3*g(t) - q(t). Is w(c) prime?
False
Suppose -33*o + 25026 = -1077. Is o a composite number?
True
Let s(f) = -85*f**3 + f**2 + 6*f + 3. Let u be s(-2). Suppose 0 = 4*b - b - 3*g - u, 2*b - 438 = -4*g. Is b a composite number?
False
Suppose -3*z = 0, -2*q - 4*z = -4*q + 2822. Let h = q - 626. Suppose -7*v + h = -2*v. Is v prime?
True
Let h(o) = -33*o**2 + o - 1. Let b be h(1). Let s = 68 + b. Is s a composite number?
True
Let o = 4837 - 2064. Is o a prime number?
False
Is (9705/(-20) + -2)*-4 composite?
False
Suppose x - 5*j - 2609 = 0, 5*x - 3023 = -4*j + 10022. Is x prime?
True
Let v be (-3 + 5 - 62)/((-1)/18). Let c = v + -739. Is c a prime number?
False
Let v(q) = 2*q**2 + 31*q - 36. Let m be v(-21). Let i(r) = -r + 1. Let d be i(1). Suppose m = -d*j + 3*j. Is j a composite number?
True
Suppose 0 = 3*t - 15, -43633 = -3*r + t + 24633. Is r a prime number?
False
Suppose 0 = s, -2*y + 214 = 5*s - 1540. Let w(m) = -m - 2. Let h be w(-6). Suppose -4*t + h*l - 2*l = -3508, y = t - 2*l. Is t prime?
True
Let p = 30 + -25. Suppose p*m - 2*m = 3. Is 19/m - (3 + -3) a prime number?
True
Suppose -52*f = -54*f + 3470. Is f composite?
True
Is (-2)/(-6 + 8428/1405) a composite number?
True
Let y be (-8)/24 + (-103171)/(-3). Is (-8)/44 + y/22 a prime number?
False
Let c = 42 - 43. Let j = 192 + c. Is j a composite number?
False
Suppose 4*d + 10 = 2*k, -3*d + k = -0*k + 7. Let g(w) = 13*w + 9. Let p(s) = 27*s + 18. Let x(t) = d*p(t) + 5*g(t). Is x(4) prime?
True
Let h be 16/(-20)*15/(-6). Suppose -2*d = -6 - h. Suppose 4*m - 236 = -d*q, -3*q + 177 = -0*m + 5*m. Is q a composite number?
False
Suppose 3*t = -3*x + 4*x + 993